ond derivative of -d**5/10 + d**4/6 + d**3/3 + d**2/2 + 4*d. What is the tens digit of f(-2)?
2
What is the hundreds digit of 4/18 - (-148024)/36?
1
Let r(c) = 6*c**2 + 27*c - 6. What is the tens digit of r(6)?
7
Let w(b) = -2*b. Let f be w(0). Suppose f*c - 579 = -5*g - c, 119 = g + c. What is the tens digit of g?
1
Suppose 0 = -2*n - 8, x + 3*n = -n - 12. Let a be (-1)/(-6) + (-33)/(-18). Suppose x*w - 110 = -w - 5*m, -4*m - 14 = -a*w. What is the units digit of w?
7
Let c be (-2 - -49)*(-1)/1. Let a = c + -34. What is the tens digit of (-18)/a - 376/(-9)?
4
Let c be 18/(-81) + 749/9. Let l = -46 + c. What is the units digit of l?
7
Let m(c) = 58*c**2 + 5*c - 5. Let q(y) = -116*y**2 - 9*y + 9. Let j(z) = 7*m(z) + 4*q(z). Let n be j(1). What is the tens digit of (1 - (-9)/(-6))*n?
2
Let t(o) = -o + 3. Let g(z) = 3*z. Let l be g(-2). Let k be t(l). Let c = k + 4. What is the units digit of c?
3
Let y(o) = o**3 + 11*o**2 + o + 15. Let i = 10 - 21. Let s be y(i). What is the units digit of (s + 1)*2/2?
5
Suppose 3*z - 3*c = -93, 0*z + 70 = -2*z - 2*c. What is the units digit of (-1)/(-2)*z*-2?
3
Suppose -4*k + 3*d = -573, -5*k = -4*d + 422 - 1137. Let w be 2/(15/(7125/(-10))). Let f = k + w. What is the units digit of f?
2
Let w = 2891 - 1999. What is the tens digit of w?
9
Suppose -z + 3 = 1. Suppose -194 = -c + o + z*o, 5*o = 3*c - 582. What is the hundreds digit of c?
1
Let w(a) = a**3 - 25*a**2 + 23*a + 27. Let d be w(24). Suppose -d*z - 125 + 368 = 0. What is the tens digit of z?
8
Let m(n) = 8 - 3*n - n - 18 - 10. What is the units digit of m(-7)?
8
Let f(q) = 7*q - 3. Let j(w) = 155*w - 65. Let c(d) = 45*f(d) - 2*j(d). What is the tens digit of c(10)?
4
Suppose -3*j + 1757 = -m, -2*j + 413 = 4*m - 749. What is the hundreds digit of j?
5
Suppose 4*r - 3*t = -6*t - 102, t = 4*r + 110. Let x = 25 - r. What is the tens digit of (27/18)/(3/x)?
2
Let l(n) = -n**3 - 3*n**2 + 5*n + 7. Let m be l(-4). Suppose 0 = -m*v + 5*v - 64. What is the units digit of v?
2
Suppose 2*h = 95 - 19. Let i be 14/3 - 3/(-9). Suppose -o + 26 = 2*x, -i*x = -2*x + 2*o - h. What is the tens digit of x?
1
Let s = 1397 - 332. What is the units digit of s?
5
Let j be -1*(-3 + 6) + 8. Suppose 16 = 7*a - 3*a, j*a - 44 = -3*q. Suppose -20 = -q*h + 3*h. What is the units digit of h?
4
Suppose -4*m - 1 + 17 = 0. Suppose -549 = -13*v + m*v. What is the tens digit of v?
6
Let g(a) = 2*a**2 - 14*a + 15. Let o(n) = -n**3 + 7*n**2 - 5*n + 3. Let c be o(6). What is the units digit of g(c)?
1
Let m(w) = -41 + 31*w + 11*w - 62*w. What is the units digit of m(-5)?
9
Suppose -15*v + 8025 = -4605. What is the hundreds digit of v?
8
What is the tens digit of -4*(-1 + 890/(-8))?
4
Let d = 212 - 316. Let v = d - -148. What is the units digit of v?
4
Let t = 30 + -11. Let u = t - -8. What is the tens digit of u?
2
Let x(u) = -5*u + 4*u**2 - 2 + 0*u**2 + 3*u. Let y be (-6 + 10 - 9) + 4. What is the units digit of x(y)?
4
Let a be (-59)/(-1) - (-1 + 1). Let h = a - 39. What is the units digit of 10/h + (-39)/(-2)?
0
Suppose i - 3*q - 1284 = 0, -13*i + 2532 = -11*i + 3*q. What is the thousands digit of i?
1
Let z = -11 - 1. What is the units digit of (32/12 + -4)*z/2?
8
Suppose 46 = 2*n - 502. Suppose 2*c + 2*i - 122 = 0, -c + 2*i = 3*c - n. Suppose 2*j - 4*j + c = 0. What is the units digit of j?
3
Let g(b) = b**2 + 3*b + 3. Let y be g(-4). Suppose -y*i - 95 = -32. Let l(o) = o**2 + 3*o - 16. What is the tens digit of l(i)?
3
Suppose -225 = -5*h + 150. Suppose 2*v = -3*g + 2*g + h, 2*v - 4*g = 80. What is the units digit of v?
8
Suppose -32567 = -28*g - 6163. What is the tens digit of g?
4
What is the units digit of ((-20)/(-16))/((-3)/(-1908))?
5
Let v = -857 + 1822. What is the units digit of v?
5
Let d(q) = 28*q - 5. Let g(b) = -7*b + 1. Let t(m) = -2*d(m) - 9*g(m). Let v(l) = 11*l - 140. Let u be v(13). What is the tens digit of t(u)?
2
Let s(r) = 5 + r - r - 3*r. Let p be s(-6). Let z = 26 - p. What is the units digit of z?
3
Let h(a) = -a**3 + 25*a**2 - 17*a - 25. Let r be h(23). Suppose -5*t + 33 = 4*q - 489, r = 5*q + t. What is the units digit of q?
8
Let a = 5 - -7. Suppose -5*f + a = -2*f. Suppose -f*x = -6*x + 20. What is the tens digit of x?
1
Suppose 2*l = 0, 5*l - 20 = -4*f - 0*l. Suppose -1 = -f*w + 14. Suppose -w*a + 4*z = -58, 2*a = -z + 4*z + 39. What is the units digit of a?
8
Let i(q) = -35*q**3 + 2*q**2 + 10*q + 11. What is the hundreds digit of i(-3)?
9
Suppose 2*t - 2*x = -376, -t - 129 = -5*x + 59. Let m = t - -456. What is the tens digit of m?
6
Suppose -4*a + 2*y + 2430 = 0, -3*a + 0*a = -3*y - 1830. Suppose 2*z - 7*z + a = 0. What is the tens digit of z?
2
What is the hundreds digit of (-2630)/(-5) + (2 + -3 - 3)?
5
Suppose 0 = 4*f, 3*f - 7072 + 352 = -4*y. What is the hundreds digit of y?
6
Suppose -i + 3673 = g, -5*g - 11258 + 29613 = -5*i. What is the thousands digit of g?
3
Suppose -5*z - 7 - 5 = -f, 2*f + 3*z + 2 = 0. Suppose 38 = 3*l + 16*l. Suppose -5*q = -f*w - 74, -q - l*w = 3*w - 4. What is the tens digit of q?
1
Suppose -x + 3*u + 965 = 0, -4*x - x + 5*u = -4835. What is the tens digit of x?
6
Let b = 13 - 10. Let d(x) = 11*x**2 + 4*x + 6. What is the hundreds digit of d(b)?
1
Suppose 3*k - 2 = 10. Let p = -2 + k. What is the tens digit of -10*(p + 9/(-2))?
2
Suppose 0 = 4*d + z - 2067, 0*d + 3*z + 2571 = 5*d. Let t = 740 - d. Suppose -53 = -i + 4*q, -3*i + q - 2*q + t = 0. What is the units digit of i?
3
Suppose 3*g + 5*s - 2637 - 1265 = 0, 2*g - 5*s = 2618. Suppose -n + 3*c = -214 - 105, 4*n - g = 5*c. What is the tens digit of n?
3
Let m(s) = -244*s + 2. Suppose -2*o + 4 = 2*o - 2*r, 8 = -2*r. What is the units digit of m(o)?
6
Suppose 3*y - 1710 = -3*h + y, -2*h + 1140 = 2*y. Suppose 0 = -19*j + 14*j + h. What is the hundreds digit of j?
1
Let w(j) = j**2 + 3*j - 5. Let t be w(-5). Suppose t*y = y + 3*l + 576, -432 = -3*y + 2*l. Suppose a - 5*a = -y. What is the units digit of a?
6
Let a = -1548 + 1861. What is the hundreds digit of a?
3
Let m = 55 - 37. Suppose k = -k + m. Let a = -8 + k. What is the units digit of a?
1
Let t = -284 - -726. What is the hundreds digit of t?
4
Let x = -6 + 8. Suppose 0 = -5*w - 20, -5*w = 4*f - x*f. Suppose 2*u = -3*y + 11, -4*y - 5*u + 7 = -f. What is the units digit of y?
3
What is the hundreds digit of -3*(3/(-2))/(7/616)?
3
What is the tens digit of 2/(-10) + (11 - (-12888)/90)?
5
Suppose -a = -3*a - 10. Suppose 5*l - 7*l + 40 = 0. Let i = l + a. What is the units digit of i?
5
Suppose 3375 = 33*n - 18*n. What is the hundreds digit of n?
2
Let l(b) = -2 + 3*b**3 - 3*b**2 - 16*b + 5*b**3 + 3 - 7*b**3. What is the units digit of l(6)?
3
Let r(o) = 69*o - 8. Let s = -67 + 69. What is the hundreds digit of r(s)?
1
Suppose -3*g - 2*g - 46 = -2*i, 2*i - 46 = -4*g. Let q = i + -11. Suppose -3*d = -q, 0 = -2*t - d + 4*d + 26. What is the units digit of t?
9
Let k = -136 - -512. What is the hundreds digit of k?
3
Let x(m) = -1346*m + 14. What is the hundreds digit of x(-1)?
3
Suppose 2*g - 2*d - 948 = 0, 4*g + 4*d - 1903 = d. What is the units digit of g?
5
Suppose 523 = -116*s + 115*s. Let x = -310 - s. What is the units digit of x?
3
Suppose -529 = -d + 5*w, 0*w + 1118 = 2*d + 5*w. What is the tens digit of d?
4
Let a(t) = -8*t**2 - t. Let v be a(1). Let r(j) be the second derivative of -j**4/12 - 7*j**3/3 + 3*j**2/2 + j - 11. What is the units digit of r(v)?
8
Suppose 45 = 49*m - 46*m. Suppose m*f = 21*f - 858. What is the tens digit of f?
4
Let a(o) = 2*o + 6. Let n be a(-4). Let i be (20/6)/((85/30)/17). What is the units digit of i + 2 + n + 3?
3
Suppose -2*t - w + 628 = -5*w, -w = 4*t - 1292. What is the tens digit of t?
2
Let p be (-2 + 3)*(3 - 0). Suppose 3*b = -p*m + 24, 0*m - 3*m + 10 = b. Let t(c) = -c**2 + 9*c + 5. What is the units digit of t(b)?
9
Suppose o + 13 - 12 = 0. What is the tens digit of o/((-2)/(-12) - 1393/8106)?
9
Let k be (-4)/(-22) - (-2384)/(-44). What is the units digit of 9/(54/(-4))*k?
6
Suppose 25 = 5*n, 4*w + 4*n - 21 = 5*w. What is the units digit of 4/w - (-4 + -110)?
0
Suppose 23*r - 76685 + 8237 = 0. What is the hundreds digit of r?
9
Let b(v) = -159*v - 22. What is the hundreds digit of b(-4)?
6
Suppose 10596 = 3*k - 2*t, -4*t + 10596 = 5*k - 2*k. What is the tens digit of k?
3
